is divided by 1827?
5
Calculate the remainder when 229720 is divided by 4.
0
Calculate the remainder when 4988001 is divided by 7250.
1
What is the remainder when 41357865 is divided by 10339461?
21
What is the remainder when 2676614 is divided by 68?
66
What is the remainder when 84039378 is divided by 90?
78
Calculate the remainder when 2762202 is divided by 13474.
32
What is the remainder when 1241851 is divided by 1578?
1543
What is the remainder when 4353476 is divided by 136?
116
Calculate the remainder when 219582 is divided by 2678.
2664
Calculate the remainder when 3302078 is divided by 1100678.
44
Calculate the remainder when 13034120 is divided by 80.
40
What is the remainder when 488321 is divided by 5813?
29
What is the remainder when 1752565 is divided by 194727?
22
Calculate the remainder when 242871 is divided by 776.
759
What is the remainder when 592734 is divided by 11047?
7243
Calculate the remainder when 3811613 is divided by 25.
13
What is the remainder when 939691 is divided by 156608?
43
What is the remainder when 652730 is divided by 1504?
1498
Calculate the remainder when 135488 is divided by 523.
31
What is the remainder when 43874888 is divided by 2785?
2783
What is the remainder when 324448 is divided by 1206?
34
What is the remainder when 2871517 is divided by 80?
77
What is the remainder when 1860083 is divided by 276?
119
What is the remainder when 1621172 is divided by 54036?
92
What is the remainder when 390993 is divided by 7666?
27
What is the remainder when 653917 is divided by 11677?
5
Calculate the remainder when 2165960 is divided by 108298.
0
What is the remainder when 40936325 is divided by 2041?
2029
Calculate the remainder when 42352 is divided by 6494.
3388
Calculate the remainder when 4442183 is divided by 927.
926
Calculate the remainder when 20367480 is divided by 84.
0
Calculate the remainder when 18287279 is divided by 457.
424
Calculate the remainder when 134243 is divided by 134079.
164
What is the remainder when 114063743 is divided by 34?
33
What is the remainder when 357360 is divided by 124?
116
Calculate the remainder when 1890308 is divided by 945135.
38
Calculate the remainder when 661033 is divided by 38853.
532
Calculate the remainder when 347705635 is divided by 2.
1
What is the remainder when 2319421 is divided by 101?
57
Calculate the remainder when 4941880 is divided by 2178.
2176
Calculate the remainder when 3405048 is divided by 340499.
58
Calculate the remainder when 957508 is divided by 1101.
739
What is the remainder when 46593902 is divided by 11648465?
42
Calculate the remainder when 709096 is divided by 1174.
0
Calculate the remainder when 217900 is divided by 119.
11
What is the remainder when 9667363 is divided by 16112?
163
Calculate the remainder when 60594000 is divided by 219.
204
What is the remainder when 8484518 is divided by 5?
3
What is the remainder when 512306 is divided by 371?
326
What is the remainder when 875643 is divided by 30194?
17
What is the remainder when 193326 is divided by 1625?
1576
What is the remainder when 1433449 is divided by 358358?
17
Calculate the remainder when 325078 is divided by 344.
342
What is the remainder when 1653299 is divided by 551086?
41
Calculate the remainder when 1308405 is divided by 307.
278
Calculate the remainder when 4571132 is divided by 4438.
4430
What is the remainder when 544944 is divided by 108917?
359
What is the remainder when 18036681 is divided by 37?
32
Calculate the remainder when 37062387 is divided by 259.
5
Calculate the remainder when 2427290 is divided by 1213635.
20
Calculate the remainder when 1556422 is divided by 186.
160
Calculate the remainder when 13337891 is divided by 61.
58
Calculate the remainder when 4143767 is divided by 30.
17
Calculate the remainder when 222071163 is divided by 477.
474
Calculate the remainder when 750682 is divided by 1247.
1235
Calculate the remainder when 59727416 is divided by 876.
860
What is the remainder when 29085 is divided by 2608?
397
Calculate the remainder when 1214788589 is divided by 1845.
1844
Calculate the remainder when 6429 is divided by 2032.
333
Calculate the remainder when 74382 is divided by 568.
542
Calculate the remainder when 71295 is divided by 71129.
166
Calculate the remainder when 27177 is divided by 773.
122
What is the remainder when 11196327 is divided by 1017844?
43
What is the remainder when 312149 is divided by 710?
459
Calculate the remainder when 257776 is divided by 21478.
40
What is the remainder when 3317849 is divided by 12?
5
Calculate the remainder when 48964506 is divided by 15795.
6
Calculate the remainder when 171391 is divided by 5516.
395
What is the remainder when 2847502 is divided by 569491?
47
Calculate the remainder when 18436 is divided by 214.
32
What is the remainder when 528134 is divided by 21087?
959
Calculate the remainder when 270098 is divided by 45009.
44
Calculate the remainder when 34334618 is divided by 1.
0
Calculate the remainder when 100410 is divided by 6676.
270
Calculate the remainder when 10250963 is divided by 5541.
113
Calculate the remainder when 486042 is divided by 3827.
13
What is the remainder when 24825026 is divided by 70?
16
What is the remainder when 88232 is divided by 17490?
782
What is the remainder when 642594783 is divided by 763?
761
What is the remainder when 12851332 is divided by 4283769?
25
What is the remainder when 1526663 is divided by 324?
299
What is the remainder when 1590589 is divided by 795259?
71
Calculate the remainder when 442051 is divided by 442014.
37
Calculate the remainder when 44801985 is divided by 11.
8
What is the remainder when 702051 is divided by 140376?
171
Calculate the remainder when 1375215 is divided by 80895.
0
What is the remainder when 304959926 is divided by 2678?
2676
What is the remainder when 2938897834 is divided by 7812?
7810
Calculate the remainder when 1736006 is divided by 4756.
66
What is the remainder when 41935 is divided by 5203?
311
Calculate the remainder when 62659 is divided by 1159.
73
Calculate the remainder when 131707 is divided by 1882.
1849
What is the remainder when 63256 is divided by 3320?
176
Calculate the remainder when 10881583 is divided by 801.
799
What is the remainder when 12450771 is divided by 53?
11
What is the remainder when 100872797 is divided by 16812132?
5
What is the remainder when 92659 is divided by 11?
6
Calculate the remainder when 223484 is divided by 72403.
6275
Calculate the remainder when 204015 is divided by 28797.
2436
What is the remainder when 451637 is divided by 253?
32
Calculate the remainder when 908304 is divided by 60548.
84
What is the remainder when 2090105 is divided by 4466?
17
Calculate the remainder when 536709 is divided by 351.
30
What is the remainder when 7112970 is divided by 7112957?
13
Calculate the remainder when 78486735 is divided by 1125.
1110
What is the remainder when 13995102 is divided by 124956?
30
Calculate the remainder when 89405 is divided by 6380.
85
What is the remainder when 1335918 is divided by 43090?
128
What is the remainder when 15733658 is divided by 113?
103
Calculate the remainder when 157660 is divided by 19699.
68
Calculate the remainder when 656842 is divided by 722.
544
Calculate the remainder when 45780 is divided by 293.
72
Calculate the remainder when 85631629 is divided by 552462.
19
What is the remainder when 255836029 is divided by 3605?
3599
Calculate the remainder when 92123 is divided by 940.
3
What is the remainder when 75122 is divided by 268?
82
What is the remainder when 245102 is divided by 3141?
104
What is the remainder when 32794023 is divided by 520540?
3
Calculate the remainder when 409367 is divided by 60.
47
Calculate the remainder when 3332191 is divided by 93.
1
Calculate the remainder when 7008911 is divided by 94.
83
What is the remainder when 30256061 is divided by 695?
626
What is the remainder when 21709 is divided by 138?
43
What is the remainder when 335525 is divided by 470?
415
Calculate the remainder when 466805 is divided by 3004.
1185
What is the remainder when 9147 is divided by 8429?
718
What is the remainder when 821608 is divided by 136933?
10
What is the remainder when 2497148 is divided by 48?
44
Wh